e 14) to base 8.
-25312341
-b4227a (base 12) to base 14
-5371b8
Convert -3331311424 (base 5) to base 16.
-6f4261
Convert -19ba5 (base 16) to base 9.
-170500
Convert 3bdc63 (base 14) to base 5.
1012333114
Convert 20020211002 (base 3) to base 7.
1021541
Convert -1b17a (base 13) to base 6.
-1045210
-60807 (base 11) to base 16
-15af5
-10232443433 (base 5) to base 11
-6126260
Convert 10110110010101011101 (base 2) to base 16.
b655d
Convert -5aed (base 15) to base 11.
-1359a
What is -a01ba9 (base 13) in base 15?
-4d6585
100000101011111010001100 (base 2) to base 10
8568460
What is 407251 (base 8) in base 3?
20211221112
-101110001011101110010100 (base 2) to base 3
-211210002012020
6131ba (base 13) to base 10
2263232
10000011101100111001 (base 2) to base 12
220221
315862 (base 11) to base 12
204639
23200000030 (base 4) to base 13
817237
Convert -19c69 (base 15) to base 8.
-243527
14430303 (base 5) to base 2
100101110111000110
What is -aea4e0 (base 15) in base 7?
-130603113
-3478a (base 13) to base 4
-113120120
Convert -877c04 (base 14) to base 8.
-21412654
Convert 1f7e6c (base 16) to base 4.
13313321230
What is 1453475 (base 12) in base 13?
b03021
Convert 3022322443 (base 5) to base 3.
102101202211200
Convert 11314021 (base 7) to base 2.
11110011000001001001
-2122130013 (base 4) to base 13
-191c13
-17ab54 (base 13) to base 16
-914ae
Convert -2422550 (base 7) to base 8.
-1132106
What is -10332031 (base 8) in base 10?
-2208793
9b319 (base 15) to base 14
cbb85
1013000120 (base 4) to base 10
290840
Convert -251205 (base 7) to base 13.
-17c76
What is -1af71 (base 16) in base 8?
-327561
3334231421 (base 5) to base 13
169b421
Convert -25531 (base 13) to base 6.
-1251224
What is 72343264 (base 8) in base 9?
31741112
Convert -46011106 (base 7) to base 5.
-2011042430
Convert 282747 (base 12) to base 4.
2203012213
2a87b (base 13) to base 15
18ceb
-15edc6 (base 15) to base 6
-34440353
4012421 (base 5) to base 9
106070
11121012010 (base 3) to base 4
112012212
What is 1461597 (base 10) in base 5?
333232342
-13471556 (base 8) to base 3
-12201122212101
-111100101001100110000 (base 2) to base 4
-13211030300
242158 (base 11) to base 16
5da18
-54608 (base 11) to base 7
-450042
2246a5 (base 11) to base 12
152ab9
-1652743 (base 10) to base 2
-110010011100000000111
What is 512620 (base 7) in base 15?
1ad8a
What is -442442 (base 9) in base 4?
-1000201010
What is -197289 (base 10) in base 6?
-4121213
Convert 4450993 (base 11) to base 2.
11101110001011110101100
Convert -10323132012 (base 4) to base 10.
-1292166
3210113313 (base 4) to base 2
11100100010111110111
635142 (base 7) to base 11
75584
-331352145 (base 6) to base 3
-102012120120102
What is -1004342131 (base 5) in base 4?
-13233010033
-2070471 (base 9) to base 12
-455a91
What is -5bcc (base 15) in base 13?
-8b83
What is -43204331 (base 5) in base 13?
-ca8c6
-266056 (base 7) to base 5
-3100434
What is 7ada4 (base 15) in base 12?
16a484
Convert 32a241 (base 15) to base 12.
984944
Convert 145953 (base 13) to base 15.
9c8c6
1202312211 (base 5) to base 11
1626664
Convert -d472c1 (base 15) to base 7.
-151560034
What is -100010000000010110 (base 2) in base 11?
-95714
-7b14a (base 15) to base 2
-1011111101001110011
Convert -11100122202122 (base 3) to base 11.
-1341a39
22c1 (base 13) to base 5
124024
4034157 (base 9) to base 3
11001011011221
What is 22254503 (base 6) in base 13?
1a8a73
What is -220201012 (base 3) in base 16?
-465e
-2aa7a9 (base 14) to base 6
-51524241
What is -30451204 (base 6) in base 10?
-877684
What is 111102111220010 (base 3) in base 11?
4033a04
What is -5357c (base 16) in base 5?
-41410442
What is 4b0565 (base 12) in base 15?
192aeb
What is 10000011111100000010 (base 2) in base 8?
2037402
Convert 156242 (base 7) to base 14.
b422
Convert -12002112200 (base 3) to base 9.
-162480
-1637a8b (base 13) to base 8
-33233272
-44073 (base 8) to base 11
-12990
What is -2141314114 (base 5) in base 13?
-c63c27
10001111010100011 (base 2) to base 11
50149
2200330032 (base 4) to base 10
659214
-3120321 (base 4) to base 8
-33071
Convert -321022112 (base 5) to base 15.
-1b8907
Convert 507173 (base 8) to base 15.
3499c
What is -3443301 (base 8) in base 13?
-269b27
6464d (base 14) to base 10
242717
Convert 255b1 (base 16) to base 13.
5484c
What is 40b56 (base 12) in base 3?
11022001010
What is 839504 (base 11) in base 12?
54a387
1140034423 (base 5) to base 7
31412265
10001113 (base 5) to base 14
20759
-225561 (base 7) to base 10
-40419
-144033401 (base 5) to base 15
-102836
Convert -155100142 (base 6) to base 5.
-1322223124
What is 110220222112222 (base 3) in base 14?
cab41c
What is -12a76a (base 13) in base 3?
-211221120000
Convert -3b6827 (base 13) to base 10.
-1442617
Convert -d06695 (base 14) to base 8.
-32572313
17bc41 (base 13) to base 10
597468
99a97 (base 11) to base 10
145064
-1101010001101100100000 (base 2) to base 12
-11ba114
What is 1101203312 (base 4) in base 2?
1010001100011110110
Convert 335830 (base 9) to base 2.
110001000110111110
-4d64b (base 16) to base 8
-1153113
Convert 8287558 (base 10) to base 8.
37472506
Convert 235305 (base 6) to base 12.
bb35
What is -6377660 (base 8) in base 11?
-a64150
Convert 16610467 (base 9) to base 6.
454334011
What is 16676676 (base 9) in base 15?
b07010
What is -157037 (base 9) in base 15?
-1db11
cb9d3 (base 16) to base 2
11001011100111010011
-395dd (base 15) to base 8
-546437
Convert -2113864 (base 9) to base 8.
-4241571
What is 704516 (base 8) in base 3?
102202220122
Convert -624185 (base 10) to base 4.
-2120120321
What is 346554 (base 7) in base 9?
104486
-103a7 (base 13) to base 2
-111001000010101
Convert -3848041 (base 10) to base 6.
-214251001
Convert -110025135 (base 6) to base 11.
-1121053
Convert 10110010000010110 (base 2) to base 11.
62541
Convert 11010202201211 (base 3) to base 13.
5c0443
What is 5813554 (base 9) in base 15?
420034
Convert -289060 (base 12) to base 8.
-2456410
What is -2328a (base 14) in base 13?
-2cc4c
Convert 154302015 (base 6) to base 5.
1320232231
What is 6367c (base 15) in base 11?
1a5a15
What is -79837 (base 13) in base 9?
-366254
Convert 7134 (base 16) to base 10.
28980
4504152 (base 6) to base 10
226436
Convert -1221a9a (base 14) to base 9.
-17310112
-3d74 (base 16) to base 7
-63603
6482ce (base 16) to base 14
c36782
What is -12001200221 (base 3) in base 7?
-563353
Convert -99c6 (base 15) to base 5.
-2020321
What is -11101022112100 (base 3) in base 10?
-2328813
Convert -2a633 (base 13) to base 2.
-10011100100010100
What is 170b (base 12) in base 13?
1334
Convert 22118 (base 13) to base 7.
344621
Convert 16a2d (base 14) to base 4.
31320301
What is 3dc91 (base 16) in base 12?
102555
Convert -1000110010001011 (base 2) to base 10.
-35979
What is -145236 (base 7) in base 2?
-110111001011011
What is 3032103 (base 4) in base 12?
7783
What is -102300000 (base 4) in base 7?
-436623
Convert -31302041 (base 5) to base 9.
-435145
12721 (base 14) to base 5
2422210
What is 22131312111 (base 4) in base 10?
2743701
What is -12210222101 (base 3) in base 16?
-1bf04
Convert -8499 (base 12) to base 13.
-67b9
4e6e6 (base 16) to base 12
135ab2
Convert -350320 (base 11) to base 14.
-106c75
What is 2485589 (base 11) in base 12?
153b317
Convert -3144b (base 13) to base 2.
-10101101000101011
What is -21b598 (base 16) in base 13?
-5c4708
Convert -1110001111110011110111 (base 2) to base 6.
-212014343
What is -220110323100 (base 4) in base 16?
-a14ed0
-226584 (base 10) to base 8
-672430
Convert 116163241 (base 7) to base 16.
6fcb8f
What is 3012444100 (base 5) in base 13?
1316abb
-217235 (base 10) to base 8
-650223
Convert -5232625 (base 8) to base 13.
-398890
What is -107392 (base 11) in base 7?
-1311024
What is 471368 (base 11) in base 15?
ebb74
Convert -3b8c26 (base 16) to base 13.
-a68396
What is 351251213 (base 6) in base 8?
30645771
Convert 32013131 (base 5) to base 2.
1000001000110101010
101043111 (base 5) to base 8
1437104
Convert -4131 (base 11) to base 6.
-41211
Convert -14201320 (base 8) to base 5.
-1310240414
-662e2 (base 15) to base 11
-201a18
-32414024 (base 5) to base 15
-57b29
Convert 5211367 (base 8) to base 15.
1c4341
What is 242043130 (base 6) in base 9?
8547060
2231776 (base 8) to base 12
251052
-20385 (base 14) to base 11
-53289
67a9 (base 14) to 